?
False
Let h be (-23)/(-7) + (-14)/49. Suppose -26 = -h*i + 31. Is i a composite number?
False
Suppose 1579 - 154 = 5*q. Suppose -85 = -4*o - q. Let b = o + 73. Is b prime?
True
Is -4*-6*94/16 a prime number?
False
Suppose 0*a + 3868 = 4*a. Is a a composite number?
False
Is (-3 + 11)/(-4) - -239 a composite number?
True
Let q = 150 + -48. Let p = 20 + -37. Let m = q + p. Is m composite?
True
Let h(k) = k**2 - 3*k + 14. Let m be h(10). Let p be 2/((-1)/((-14)/4)). Suppose 3*a = p*a - m. Is a prime?
False
Let f = 565 + 81. Suppose 0 = 4*s + 3*u - 883, s = 4*s - u - f. Is s a prime number?
False
Let x(q) = 13*q**2 + 16*q - 7. Is x(6) a composite number?
False
Suppose -4*c + 2*q = -13 - 9, 2*q = -3*c + 13. Is c*5/(100/104) prime?
False
Suppose -y - 5*i + 14 + 5 = 0, 4*y - i = -8. Is 32/2 - y - -2 composite?
False
Suppose 2*r + 4*b - 419 = -17, -774 = -4*r - 2*b. Is r composite?
False
Let d(j) = 3*j**2 + 2*j + 8. Let p be d(6). Let i = p + -10. Let t = i - 75. Is t prime?
True
Suppose 42 + 48 = -3*n + 3*d, -3*d + 125 = -4*n. Let g be 340/(-2)*84/n. Suppose 3*a - 141 - g = -4*c, 0 = -a - c + 184. Is a prime?
False
Let d(z) = 12 - 9*z + 5*z - 10*z**2 + 2*z**2 + z**3. Is d(9) a prime number?
False
Is -47*-2*4/8 a composite number?
False
Let d = 2632 - 1745. Is d composite?
False
Let i(n) be the second derivative of -n**4/12 - n**3/2 + 2*n**2 + 3*n. Let c(f) = 2*f**2 + 6*f - 9. Let d(a) = 3*c(a) + 5*i(a). Is d(5) prime?
False
Suppose -h + 2*t = -5*h - 304, -h = 5*t + 67. Let a = 293 + h. Let z = -129 + a. Is z a composite number?
True
Is 177/6*2/1 prime?
True
Suppose -2*w + 4*w - 258 = 0. Is w composite?
True
Suppose -141 - 155 = 4*d. Let s = 127 + d. Is s prime?
True
Let d = 5 - 1. Suppose 83 = i + 3*y, 2*i - 49 = -d*y + 113. Is i a prime number?
False
Suppose 1010 = 5*t - 0*t. Let b = -53 + t. Is b a prime number?
True
Let t be (-190)/(-4)*12/5. Suppose 44 + t = 2*y. Is y a composite number?
False
Suppose -5*d - 2*s + 3*s = -10, -s = 2*d + 3. Is ((-147)/(-35))/(d/5) composite?
True
Let s(i) = 35*i**3 - i. Let g be s(1). Is 1*(-3 - g)*-7 prime?
False
Suppose 5*z - 20 = 5. Suppose 0 = 3*i - 3*p, z*i + 17 = -5*p - 3. Is 116/5 + i/10 a composite number?
False
Let j be (9 - -1)/(-2) + 3. Let t = 0 - j. Suppose -31 = t*a - 141. Is a a prime number?
False
Let v(z) = -z**3 - 13*z**2 + 8*z + 5. Is v(-14) prime?
True
Let h(x) be the first derivative of -19*x**4/4 + x**3/3 - x + 4. Is h(-3) a prime number?
True
Suppose 4*p + 179 - 1173 = 5*l, -l = -p + 249. Is p a prime number?
True
Suppose -l + 6*l - 1365 = 0. Suppose 0 = 2*z + z - l. Is z a prime number?
False
Let x = 613 + -342. Is x a prime number?
True
Let r be 1 + -2 + 3 + 0. Let v be 3792/42 - r/7. Let p = v - -67. Is p a composite number?
False
Is (1 + 2 - (1 - 1)) + 674 a prime number?
True
Let x(l) = -l**2 - 5*l + 2. Let c be x(-4). Let n be 4/(1*3/c). Let u = -1 + n. Is u a prime number?
True
Let x(b) = -11*b**2 + b - 1. Let v be x(1). Suppose -114 = 2*m + 66. Let p = v - m. Is p a composite number?
False
Let r = -248 + 401. Suppose -v + r = 2*v. Is v a composite number?
True
Let d(b) = 16*b**3 + 2*b**2 + 2*b + 1. Let u be d(-1). Suppose -611 + 116 = -5*f. Is -5*1/(u/f) prime?
False
Let s(n) = 5*n**2 + 8*n + 10. Let o be s(-10). Let k = o - 99. Is k composite?
False
Suppose 0 = 4*u + y - 6*y - 21, 3*y + 23 = 5*u. Suppose 5*r - u*p = 106, 0 = r - 0*p - 5*p - 17. Suppose -2*k + 0*k + r = 0. Is k composite?
False
Let x be (-44)/(-10) + 8/(-20). Let s(n) = 2*n**2 - 5*n - 1. Is s(x) a composite number?
False
Let q(k) = k**3 + 13*k**2 + 7*k + 25. Is q(-12) prime?
False
Suppose 0 = 2*o - g - 4 - 107, -164 = -3*o + g. Let v be (1/2)/(3/24). Suppose -v*m + o = -3*m. Is m a composite number?
False
Let r(o) = o**3 - 2*o**2 + o + 8. Let c be r(7). Let z = c - 69. Is z a prime number?
True
Suppose -p = -y - 3*y - 8, -4*y - 8 = 4*p. Suppose b - 2 = -p*b. Suppose b*r = r + 131. Is r a composite number?
False
Suppose -3*a + 4*w = -101, -31 - 6 = -a + 3*w. Is a a prime number?
True
Let w(v) = -v**2 + v + 4. Let r be w(0). Suppose -2*l + 20 = -r*l. Let o(i) = i**2 + 10*i + 2. Is o(l) composite?
False
Suppose 0 = -3*r + 5 + 1. Suppose -t + 0 = -r. Suppose -388 = -5*l + a, t*l = -a + 91 + 60. Is l a prime number?
False
Let i be ((-54)/63)/(1/119). Let s = -47 - i. Is s prime?
False
Suppose x - 17 + 5 = 0. Suppose -2*i + 79 = t, -3*t - x = -i + 2*t. Is i a composite number?
False
Let s(v) = 37*v**2 + 2*v - 2. Let a(g) = 2*g**2 - 2*g - 1. Let f be a(2). Is s(f) composite?
False
Suppose -5*d + 5*f + 365 = 0, f - 2*f = 4*d - 312. Is d prime?
False
Suppose -4*f - 20 = 2*i - 0*i, 3*i = -f - 15. Let z(m) = -13*m**3 - 4*m**2 + m + 7. Is z(f) prime?
False
Is (-1)/(-5) - (-11172)/15 prime?
False
Let o = 2 - -1. Suppose o*a = -4*g + 196, 4*g - a = -g + 245. Is g a prime number?
False
Let j be (-2 + 0 + 6)*1. Let b(z) = -4*z**3 - 7*z - 2. Let n(v) = -5*v**3 + v**2 - 8*v - 2. Let p(i) = j*b(i) - 3*n(i). Is p(-2) prime?
True
Let c = 3124 - 1731. Is c composite?
True
Suppose 2*u = 1 + 3. Suppose -u*m + 3*m = 35. Is m a prime number?
False
Let x = -518 - -871. Suppose -4*m + 11 = -x. Is m a composite number?
True
Is ((-5079)/(-2))/(6/(-12) + 2) a composite number?
False
Suppose -2 = -2*n + 2. Suppose -n*s = 2*s - 2*k + 8, -2*k + 5 = -3*s. Is (-106)/s - 2/6 a prime number?
False
Suppose 0 = -d + 4*s + 19, 0 = -5*d + s + 2*s + 44. Let h be (-4)/(-6)*(-2 + -1). Is d/(-14) + (-239)/h a prime number?
False
Let c(j) = 1787*j**2 - j. Let u be c(-1). Is (-2)/4*u/(-6) composite?
False
Suppose -6*d = -6432 - 7290. Is d prime?
True
Let p(b) = b**3 - 3*b**2 - 2*b - 3. Let f be p(4). Suppose -133 = -f*d - 18. Is d prime?
True
Let r = 8440 - 5403. Is r a prime number?
True
Let n be (18/6)/((-1)/(-97)). Let q = n + 22. Suppose q = 4*p - 339. Is p a composite number?
False
Let m(n) = -n**2 + 7*n - 2. Let s be m(8). Is (-4)/2*1115/s a prime number?
True
Let b = -13 - -16. Suppose -4*x + 691 = 5*a, -a - b*x - 74 = -210. Is a a prime number?
True
Let z(f) be the second derivative of f**6/120 - f**5/120 - f**4/8 - f**3/3 + f. Let p(i) be the second derivative of z(i). Is p(3) a prime number?
False
Let h(a) = 126*a**3 - 3*a**2 + 6*a - 6. Is h(3) a composite number?
True
Suppose -3*o = -3*s - 531, 1021 - 127 = 5*o + 4*s. Is o prime?
False
Suppose -2*x = -4*f - 144, -2*x + 5*f = 3*x - 385. Let j = 135 - x. Is j prime?
True
Let f(m) = m**3 + m + 12. Let t be f(0). Let p be ((-15)/t)/(2/(-8)). Suppose 10*a - p*a - 5*x = 810, -4*x = -5*a + 811. Is a a composite number?
False
Suppose -d + 1333 = -0*d. Is d prime?
False
Suppose -y - 4*y = -20. Suppose -y*t = -i + 33, -4*t - 266 = -5*i - 85. Is i prime?
True
Let z = 1124 + -667. Is z composite?
False
Let z = 104 + 119. Is z a composite number?
False
Suppose -7*j + 3*j = 0. Let c(s) = -s**2 + 47. Is c(j) a prime number?
True
Suppose -2*u + 1363 = 3*d, 12 = d + 3*d. Is u composite?
False
Let o(p) be the second derivative of -41*p**5/120 + p**4/6 + p**3/6 - 2*p. Let w(g) be the second derivative of o(g). Is w(-3) a prime number?
True
Suppose 2*m + a = 2*a + 1312, -2*a = 4. Is m prime?
False
Let d be 0/3 + 1 + -12. Let a = 18 + d. Let l = a - 5. Is l a prime number?
True
Let m be ((-5)/2 - -2)*0. Suppose -2*i - 17 + 7 = m, -5*r + 4*i + 685 = 0. Is r prime?
False
Let p(n) = -2*n - 6. Let i be p(-5). Suppose 0 = 4*x + 12, 6*o - 3*o - i*x = 177. Is o composite?
True
Let s = 22 + -20. Suppose s*o = -o + g + 197, 0 = 3*o + 2*g - 191. Is o a composite number?
True
Suppose 302 + 632 = -p. Let h = -171 - p. Is h a prime number?
False
Suppose -3 - 20 = 3*g + 2*b, 16 = -4*b. Let j(t) = t**3 + 8*t**2 + 2*t - 3. Is j(g) composite?
True
Let c(t) = 139*t + 31. Is c(4) a prime number?
True
Suppose 4*f - 2*f - 614 = 0. Is f a prime number?
True
Let o be (-2 - (-1 - 0)) + 3. Is (o/(-5))/(5/(-475)) composite?
True
Suppose n = -3*n + 8. Let x be 10/2*(-1 + n). Suppose -k + 22 - 2 = -h, x*k = 3*h + 98. Is k a composite number?
False
Let g(l) = 5*l**2 + 3*l + 5. Is g(4) prime?
True
Let i = 341 - 505. Is i/(-2) - (2 + 1) composite?
False
Let m = 1402 + -923. Is m a composite number?
False
Let z = -8 + 13. Let h = -59 + 111. Suppose -2*d + 3*y + 11 = -h, -z = -5*y. Is d a composite number?
True
Let n(h) = -h**2 + 2. Let y be n(-2). Is